12) to base 14.
-5
Convert -14 (base 13) to base 6.
-25
Convert -2 (base 5) to base 14.
-2
What is -100011 (base 2) in base 14?
-27
Convert -2 (base 7) to base 10.
-2
What is 28 (base 16) in base 4?
220
What is 120 (base 3) in base 14?
11
4 (base 5) to base 13
4
Convert 13 (base 14) to base 8.
21
192 (base 13) to base 5
2123
Convert 5 (base 7) to base 12.
5
7 (base 10) to base 13
7
Convert 2 (base 12) to base 2.
10
What is 10 (base 11) in base 9?
12
What is -3 (base 9) in base 3?
-10
What is -3 (base 4) in base 5?
-3
What is 12 (base 3) in base 7?
5
Convert -11 (base 11) to base 4.
-30
What is 0 (base 15) in base 3?
0
What is 0 (base 14) in base 4?
0
Convert -6 (base 13) to base 5.
-11
What is -1b (base 13) in base 8?
-30
What is -110 (base 2) in base 16?
-6
What is -14 (base 14) in base 13?
-15
1 (base 7) to base 14
1
-20 (base 14) to base 16
-1c
Convert -6 (base 12) to base 4.
-12
Convert 145 (base 6) to base 11.
5a
-23 (base 6) to base 8
-17
Convert -111 (base 4) to base 2.
-10101
What is -27 (base 13) in base 7?
-45
What is 73 (base 16) in base 6?
311
What is 98 (base 10) in base 2?
1100010
-5 (base 9) to base 16
-5
43 (base 12) to base 9
56
Convert 250 (base 7) to base 16.
85
4 (base 13) to base 9
4
Convert 39 (base 15) to base 14.
3c
2002 (base 3) to base 15
3b
Convert -3e (base 16) to base 14.
-46
Convert -77 (base 14) to base 12.
-89
-12 (base 8) to base 6
-14
What is -3 (base 8) in base 16?
-3
What is 2 (base 14) in base 6?
2
What is -110 (base 5) in base 13?
-24
What is -1 (base 3) in base 2?
-1
-132 (base 4) to base 13
-24
-4 (base 12) to base 3
-11
What is 2 (base 14) in base 12?
2
What is 0 (base 8) in base 14?
0
Convert 3 (base 9) to base 8.
3
-14 (base 10) to base 2
-1110
What is 8 (base 9) in base 14?
8
What is -1 (base 8) in base 4?
-1
What is 0 (base 10) in base 13?
0
-2033 (base 4) to base 9
-168
4 (base 7) to base 5
4
34 (base 16) to base 11
48
Convert -8 (base 14) to base 3.
-22
4 (base 16) to base 8
4
Convert -6 (base 16) to base 2.
-110
What is -3 (base 4) in base 6?
-3
5b (base 14) to base 15
56
1b (base 16) to base 14
1d
Convert 1 (base 13) to base 11.
1
30 (base 5) to base 13
12
What is 9 (base 11) in base 14?
9
What is 42 (base 6) in base 2?
11010
What is -2 (base 14) in base 11?
-2
-21 (base 8) to base 16
-11
Convert -49 (base 10) to base 7.
-100
What is -222 (base 4) in base 9?
-46
-1 (base 5) to base 7
-1
What is 0 (base 13) in base 2?
0
Convert -2 (base 12) to base 7.
-2
Convert -19 (base 12) to base 13.
-18
What is -2 (base 7) in base 9?
-2
What is -1 (base 7) in base 11?
-1
7a (base 13) to base 7
203
Convert 101111 (base 2) to base 5.
142
-20 (base 8) to base 4
-100
Convert 102 (base 3) to base 16.
b
Convert 1222 (base 3) to base 5.
203
-7 (base 14) to base 7
-10
Convert 72 (base 8) to base 15.
3d
What is 1032 (base 4) in base 9?
86
43 (base 9) to base 16
27
2 (base 4) to base 14
2
-214 (base 5) to base 13
-47
-5 (base 15) to base 6
-5
What is -4 (base 9) in base 7?
-4
-45 (base 9) to base 10
-41
15 (base 13) to base 12
16
Convert 32 (base 8) to base 14.
1c
-1 (base 2) to base 15
-1
Convert 29 (base 11) to base 13.
25
51 (base 13) to base 15
46
Convert 3 (base 16) to base 4.
3
-11 (base 4) to base 5
-10
Convert -21 (base 4) to base 11.
-9
What is 10 (base 16) in base 12?
14
Convert -4 (base 13) to base 6.
-4
-13 (base 9) to base 13
-c
Convert 46 (base 10) to base 7.
64
What is 12 (base 5) in base 10?
7
3d (base 16) to base 5
221
What is 6 (base 10) in base 11?
6
Convert -a7 (base 12) to base 5.
-1002
Convert -12 (base 8) to base 9.
-11
-1 (base 15) to base 7
-1
1 (base 5) to base 10
1
100 (base 2) to base 4
10
What is -20 (base 5) in base 12?
-a
What is 1120 (base 3) in base 5?
132
14 (base 9) to base 3
111
Convert 10011 (base 2) to base 12.
17
13 (base 10) to base 14
d
Convert -1111 (base 2) to base 4.
-33
-1001 (base 3) to base 2
-11100
Convert -3 (base 14) to base 12.
-3
What is -2 (base 10) in base 7?
-2
Convert -10010010 (base 2) to base 5.
-1041
What is 1 (base 4) in base 13?
1
34 (base 6) to base 16
16
What is -2 (base 14) in base 11?
-2
2 (base 16) to base 7
2
Convert -8 (base 13) to base 12.
-8
Convert 1 (base 5) to base 9.
1
What is 30 (base 14) in base 7?
60
What is -28 (base 16) in base 11?
-37
-2 (base 15) to base 5
-2
-1 (base 4) to base 6
-1
22 (base 5) to base 12
10
Convert 11 (base 6) to base 16.
7
Convert -110 (base 3) to base 5.
-22
-3 (base 9) to base 2
-11
Convert 8 (base 14) to base 13.
8
-1 (base 10) to base 5
-1
-4 (base 10) to base 11
-4
What is 14 (base 7) in base 2?
1011
Convert -8 (base 9) to base 8.
-10
What is 3 (base 6) in base 12?
3
Convert -4 (base 14) to base 7.
-4
100 (base 4) to base 5
31
Convert -154 (base 7) to base 6.
-224
Convert -3 (base 7) to base 10.
-3
Convert 31 (base 16) to base 12.
41
Convert -34 (base 13) to base 8.
-53
What is -4 (base 16) in base 14?
-4
What is -22 (base 4) in base 8?
-12
10 (base 10) to base 6
14
Convert 0 (base 11) to base 8.
0
Convert 10011 (base 2) to base 4.
103
What is -173 (base 12) in base 10?
-231
What is -2202 (base 3) in base 13?
-59
What is 7d (base 14) in base 3?
11010
-11 (base 8) to base 14
-9
16 (base 8) to base 15
e
What is 28 (base 13) in base 3?
1021
25 (base 16) to base 14
29
Convert -1 (base 16) to base 7.
-1
What is -202 (base 5) in base 11?
-48
-553 (base 7) to base 2
-100011011
Convert 1 (base 3) to base 13.
1
Convert -3 (base 14) to base 7.
-3
Convert -37 (base 8) to base 3.
-1011
What is 2 (base 6) in base 15?
2
Convert -41 (base 6) to base 11.
-23
What is -50 (base 12) in base 7?
-114
-120 (base 3) to base 5
-30
What is 1 (base 8) in base 11?
1
What is 100110101 (base 2) in base 9?
373
-332 (base 4) to base 14
-46
4 (base 12) to base 8
4
Convert 152 (base 9) to base 3.
11202
-3 (base 7) to base 14
-3
What is 20 (base 6) in base 11?
11
What is -2 (base 15) in base 2?
-10
-100 (base 2) to base 10
-4
2 (base 12) to base 4
2
-312 (base 4) to base 6
-130
-1 (base 10) to base 2
-1
-1222 (base 3) to base 10
-53
48 (base 11) to base 16
34
14 (base 16) to base 14
16
Convert -243 (base 7) to base 9.
-153
What is -29 (base 11) in base 14?
-23
Convert 3 (base 4) to base 2.
11
What is 8a (base 11) in base 2?
1100010
-3 (base 10) to base 4
-3
3 (base 8) to base 9
3
What is 0 (base 5) in base 16?
0
1055 (base 6) to base 9
308
What is 122 (base 5) in base 15?
27
Convert -f (base 16) to base 7.
-21
Convert -444 (base 9) to base 12.
-264
What is -109 (base 16) in base 15?
-12a
What is 211 (base 4) in base 14?
29
Convert -2 (base 3) to base 12.
-2
What is -178 (base 9) in base 4?
-2120
Convert -3 (base 16) to base 6.
-3
What is 11 (base 12) in base 14?
d
Convert -9 (base 10) to base 13.
-9
Convert -3 (base 10) to base 7.
-3
-2 (base 7) to base 13
-2
Convert 1331 (base 4) to base 11.
104
What is -8b (base 12) in base 10?
-107
Convert -2 (base 4) to base 12.
-2
What is 12 (base 3) in base 15?
5
11 (base 3) to base 10
4
What is 2 (base 3) in base 8?
2
What is -3 (base 16) in base 8?
-3
What is 3 (base 9) in base 4?
3
Convert 3 (base 7) to base 14.
3
What is 12 (base 3) in base 5?
10
Convert -52 (base 16) to base 10.
-82
What is -2 (base 14) in base 9?
-2
What is -3 (base 8) in base 4?
-3
Convert -234 (base 9) to base 14.
-db
-100 (base 3) to base 7
-12
What is -3 (base 16) in base 14?
-3
Convert -3 (base 10) to base 12.
-3
Convert 12 (base 7) to base 14.
9
Convert 10122 (base 3) to base 10.
98
Convert -2 (base 13) to base 12.
-2
-a (base 14) to base 10
-10
What is -426 (base 7) in base 15?
-e6
Convert -3 (base 11) to base 3.
-10
Convert 22 (base 15) to base 6.
52
81 (base 15) to base 13
94
5 (base 14) to base 3
12
Convert 40 (base 16) to base 6.
144
What is -1011 (base 2) in base 12?
-b
Convert 8 (base 15) to base 9.
8
Convert -101 (base 2) to base 3.
-12
What is 127 (base 8) in base 3?
10020
What is 10110 (base 2) in base 3?
211
104 (base 6) to base 16
28
6 (base 12) to base 3
20
0 (base 12) to base 7
0
11000 (base 2) to base 4
120
What is -45 (base 6) in base 9?
-32
What is -71 (base 11) in base 7?
-141
Convert -10 (base 4) to base 7.
-4
Convert -2 (base 9) to base 13.
-2
What is 0 (base 13) in base 6?
0
What is -224 (base 7) in base 3?
-11022
Convert 216 (base 12) to base 14.
17c
Convert 433 (base 5) to base 12.
9a
1f (base 16) to b